[INFO] cloning repository https://github.com/alexjg/cob-stress-test
[INFO] running `Command { std: "git" "-c" "credential.helper=" "-c" "credential.helper=/workspace/cargo-home/bin/git-credential-null" "clone" "--bare" "https://github.com/alexjg/cob-stress-test" "/workspace/cache/git-repos/https%3A%2F%2Fgithub.com%2Falexjg%2Fcob-stress-test", kill_on_drop: false }`
[INFO] [stderr] Cloning into bare repository '/workspace/cache/git-repos/https%3A%2F%2Fgithub.com%2Falexjg%2Fcob-stress-test'...
[INFO] running `Command { std: "git" "rev-parse" "HEAD", kill_on_drop: false }`
[INFO] [stdout] 620cf793b6cfe9842325fb422e2ce2235ff3a9c7
[INFO] checking alexjg/cob-stress-test against master#9610dfe5a9a731ced1ea4923ecbd0c57fe367898 for beta-170-4
[INFO] running `Command { std: "git" "clone" "/workspace/cache/git-repos/https%3A%2F%2Fgithub.com%2Falexjg%2Fcob-stress-test" "/workspace/builds/worker-7-tc1/source", kill_on_drop: false }`
[INFO] [stderr] Cloning into '/workspace/builds/worker-7-tc1/source'...
[INFO] [stderr] done.
[INFO] validating manifest of git repo https://github.com/alexjg/cob-stress-test on toolchain 9610dfe5a9a731ced1ea4923ecbd0c57fe367898
[INFO] running `Command { std: CARGO_HOME="/workspace/cargo-home" RUSTUP_HOME="/workspace/rustup-home" "/workspace/cargo-home/bin/cargo" "+9610dfe5a9a731ced1ea4923ecbd0c57fe367898" "metadata" "--manifest-path" "Cargo.toml" "--no-deps", kill_on_drop: false }`
[INFO] removed /workspace/builds/worker-7-tc1/source/rust-toolchain
[INFO] started tweaking git repo https://github.com/alexjg/cob-stress-test
[INFO] finished tweaking git repo https://github.com/alexjg/cob-stress-test
[INFO] tweaked toml for git repo https://github.com/alexjg/cob-stress-test written to /workspace/builds/worker-7-tc1/source/Cargo.toml
[INFO] crate git repo https://github.com/alexjg/cob-stress-test already has a lockfile, it will not be regenerated
[INFO] running `Command { std: CARGO_HOME="/workspace/cargo-home" RUSTUP_HOME="/workspace/rustup-home" "/workspace/cargo-home/bin/cargo" "+9610dfe5a9a731ced1ea4923ecbd0c57fe367898" "fetch" "--manifest-path" "Cargo.toml", kill_on_drop: false }`
[INFO] [stderr]     Updating git repository `https://github.com/radicle-dev/git2-rs.git`
[INFO] [stderr]     Updating git submodule `https://github.com/radicle-dev/libgit2.git`
[INFO] [stderr]     Updating git repository `https://github.com/FintanH/thrussh.git`
[INFO] [stderr]     Updating git repository `https://github.com/automerge/automerge-rs.git`
[INFO] [stderr]     Updating git repository `https://github.com/radicle-dev/radicle-link.git`
[INFO] [stderr]     Updating git repository `https://github.com/ZcashFoundation/ed25519-zebra`
[INFO] [stderr]     Updating git repository `https://github.com/radicle-dev/radicle-keystore`
[INFO] [stderr]     Updating crates.io index
[INFO] [stderr]     Blocking waiting for file lock on package cache
[INFO] [stderr]  Downloading crates ...
[INFO] [stderr]   Downloaded nonempty v0.6.0
[INFO] [stderr]   Downloaded secstr v0.3.2
[INFO] [stderr]   Downloaded xorf v0.7.2
[INFO] [stderr]   Downloaded serde_path_to_error v0.1.5
[INFO] [stderr]   Downloaded clap v3.0.0-beta.4
[INFO] [stderr]   Downloaded nonzero_ext v0.2.0
[INFO] [stderr]   Downloaded smol_str v0.1.18
[INFO] [stderr]   Downloaded scrypt v0.4.1
[INFO] [stderr]   Downloaded cryptovec v0.6.1
[INFO] [stderr]   Downloaded sized-vec v0.3.0
[INFO] [stderr]   Downloaded hyperx v1.3.0
[INFO] [stderr]   Downloaded clap_derive v3.0.0-beta.4
[INFO] [stderr]   Downloaded jsonschema v0.12.1
[INFO] [stderr]   Downloaded minicbor v0.9.1
[INFO] [stderr]   Downloaded multihash v0.11.4
[INFO] [stderr]   Downloaded os_str_bytes v3.1.0
[INFO] [stderr]   Downloaded octocrab v0.12.0
[INFO] running `Command { std: "docker" "create" "-v" "/var/lib/crater-agent-workspace/builds/worker-7-tc1/target:/opt/rustwide/target:rw,Z" "-v" "/var/lib/crater-agent-workspace/builds/worker-7-tc1/source:/opt/rustwide/workdir:ro,Z" "-v" "/var/lib/crater-agent-workspace/cargo-home:/opt/rustwide/cargo-home:ro,Z" "-v" "/var/lib/crater-agent-workspace/rustup-home:/opt/rustwide/rustup-home:ro,Z" "-e" "SOURCE_DIR=/opt/rustwide/workdir" "-e" "CARGO_TARGET_DIR=/opt/rustwide/target" "-e" "CARGO_HOME=/opt/rustwide/cargo-home" "-e" "RUSTUP_HOME=/opt/rustwide/rustup-home" "-w" "/opt/rustwide/workdir" "-m" "1610612736" "--user" "0:0" "--network" "none" "ghcr.io/rust-lang/crates-build-env/linux@sha256:19e73879b68f455e41552ea35293514db52ea292d993f571636dbffedb77a1ee" "/opt/rustwide/cargo-home/bin/cargo" "+9610dfe5a9a731ced1ea4923ecbd0c57fe367898" "metadata" "--no-deps" "--format-version=1", kill_on_drop: false }`
[INFO] [stdout] 38503132beddd9f7d212fc7ffcf5e7b35ccb9e0475470c677a2c34e8cecac4b0
[INFO] running `Command { std: "docker" "start" "-a" "38503132beddd9f7d212fc7ffcf5e7b35ccb9e0475470c677a2c34e8cecac4b0", kill_on_drop: false }`
[INFO] running `Command { std: "docker" "inspect" "38503132beddd9f7d212fc7ffcf5e7b35ccb9e0475470c677a2c34e8cecac4b0", kill_on_drop: false }`
[INFO] running `Command { std: "docker" "rm" "-f" "38503132beddd9f7d212fc7ffcf5e7b35ccb9e0475470c677a2c34e8cecac4b0", kill_on_drop: false }`
[INFO] [stdout] 38503132beddd9f7d212fc7ffcf5e7b35ccb9e0475470c677a2c34e8cecac4b0
[INFO] running `Command { std: "docker" "create" "-v" "/var/lib/crater-agent-workspace/builds/worker-7-tc1/target:/opt/rustwide/target:rw,Z" "-v" "/var/lib/crater-agent-workspace/builds/worker-7-tc1/source:/opt/rustwide/workdir:ro,Z" "-v" "/var/lib/crater-agent-workspace/cargo-home:/opt/rustwide/cargo-home:ro,Z" "-v" "/var/lib/crater-agent-workspace/rustup-home:/opt/rustwide/rustup-home:ro,Z" "-e" "SOURCE_DIR=/opt/rustwide/workdir" "-e" "CARGO_TARGET_DIR=/opt/rustwide/target" "-e" "CARGO_INCREMENTAL=0" "-e" "RUST_BACKTRACE=full" "-e" "RUSTFLAGS=--cap-lints=forbid" "-e" "RUSTDOCFLAGS=--cap-lints=forbid" "-e" "CARGO_HOME=/opt/rustwide/cargo-home" "-e" "RUSTUP_HOME=/opt/rustwide/rustup-home" "-w" "/opt/rustwide/workdir" "-m" "1610612736" "--user" "0:0" "--network" "none" "ghcr.io/rust-lang/crates-build-env/linux@sha256:19e73879b68f455e41552ea35293514db52ea292d993f571636dbffedb77a1ee" "/opt/rustwide/cargo-home/bin/cargo" "+9610dfe5a9a731ced1ea4923ecbd0c57fe367898" "check" "--frozen" "--all" "--all-targets" "--message-format=json", kill_on_drop: false }`
[INFO] [stdout] 5bc87e431523e2872f83d7863c4fe835027e45eafb75b746f8a2db470af8bd43
[INFO] running `Command { std: "docker" "start" "-a" "5bc87e431523e2872f83d7863c4fe835027e45eafb75b746f8a2db470af8bd43", kill_on_drop: false }`
[INFO] [stderr]    Compiling proc-macro2 v1.0.29
[INFO] [stderr]    Compiling syn v1.0.77
[INFO] [stderr]    Compiling libc v0.2.102
[INFO] [stderr]    Compiling version_check v0.9.3
[INFO] [stderr]    Compiling typenum v1.14.0
[INFO] [stderr]    Compiling memchr v2.4.1
[INFO] [stderr]     Checking once_cell v1.8.0
[INFO] [stderr]     Checking pin-project-lite v0.2.7
[INFO] [stderr]     Checking itoa v0.4.8
[INFO] [stderr]    Compiling futures-core v0.3.17
[INFO] [stderr]     Checking tinyvec v1.4.0
[INFO] [stderr]    Compiling generic-array v0.14.4
[INFO] [stderr]    Compiling futures-macro v0.3.17
[INFO] [stderr]    Compiling futures-channel v0.3.17
[INFO] [stderr]    Compiling futures-task v0.3.17
[INFO] [stderr]    Compiling quote v1.0.9
[INFO] [stderr]     Checking futures-sink v0.3.17
[INFO] [stderr]    Compiling proc-macro-nested v0.1.7
[INFO] [stderr]    Compiling jobserver v0.1.24
[INFO] [stderr]     Checking getrandom v0.2.3
[INFO] [stderr]     Checking tracing-core v0.1.20
[INFO] [stderr]    Compiling futures-util v0.3.17
[INFO] [stderr]    Compiling cc v1.0.70
[INFO] [stderr]     Checking futures-io v0.3.17
[INFO] [stderr]    Compiling serde_json v1.0.68
[INFO] [stderr]    Compiling ahash v0.7.4
[INFO] [stderr]    Compiling num-traits v0.2.14
[INFO] [stderr]     Checking block-padding v0.2.1
[INFO] [stderr]     Checking slab v0.4.4
[INFO] [stderr]     Checking subtle v2.4.1
[INFO] [stderr]     Checking bytes v1.0.1
[INFO] [stderr]    Compiling unicode-segmentation v1.8.0
[INFO] [stderr]     Checking getrandom v0.1.16
[INFO] [stderr]    Compiling num-integer v0.1.44
[INFO] [stderr]     Checking instant v0.1.11
[INFO] [stderr]     Checking byteorder v1.4.3
[INFO] [stderr]     Checking cpufeatures v0.2.1
[INFO] [stderr]     Checking lock_api v0.4.5
[INFO] [stderr]     Checking hashbrown v0.11.2
[INFO] [stderr]    Compiling heck v0.3.3
[INFO] [stderr]     Checking parking_lot_core v0.8.5
[INFO] [stderr]     Checking rand_core v0.5.1
[INFO] [stderr]     Checking unicode-normalization v0.1.19
[INFO] [stderr]    Compiling indexmap v1.7.0
[INFO] [stderr]    Compiling tokio v1.12.0
[INFO] [stderr]    Compiling wasm-bindgen-shared v0.2.78
[INFO] [stderr]    Compiling libz-sys v1.1.3
[INFO] [stderr]    Compiling openssl-sys v0.9.67
[INFO] [stderr]    Compiling libgit2-sys v0.12.21+1.1.0 (https://github.com/radicle-dev/git2-rs.git?rev=ae027b9e7b125f56397bbb7d8652b3427deeede6#ae027b9e)
[INFO] [stderr]     Checking parking_lot v0.11.2
[INFO] [stderr]     Checking num_cpus v1.13.0
[INFO] [stderr]     Checking signal-hook-registry v1.4.0
[INFO] [stderr]     Checking mio v0.7.13
[INFO] [stderr]     Checking unicode-bidi v0.3.6
[INFO] [stderr]     Checking http v0.2.5
[INFO] [stderr]    Compiling proc-macro-error-attr v1.0.4
[INFO] [stderr]    Compiling miniz_oxide v0.4.4
[INFO] [stderr]     Checking idna v0.2.3
[INFO] [stderr]    Compiling winapi v0.3.9
[INFO] [stderr]    Compiling bumpalo v3.7.1
[INFO] [stderr]    Compiling openssl v0.10.36
[INFO] [stderr]    Compiling httparse v1.3.6
[INFO] [stderr]    Compiling ring v0.16.20
[INFO] [stderr]    Compiling proc-macro-error v1.0.4
[INFO] [stderr]    Compiling native-tls v0.2.8
[INFO] [stderr]    Compiling async-trait v0.1.51
[INFO] [stderr]     Checking rand_chacha v0.2.2
[INFO] [stderr]     Checking rand_pcg v0.2.1
[INFO] [stderr]     Checking aho-corasick v0.7.18
[INFO] [stderr]    Compiling num-bigint v0.2.6
[INFO] [stderr]    Compiling arrayvec v0.5.2
[INFO] [stderr]     Checking arrayref v0.3.6
[INFO] [stderr]     Checking data-encoding v2.3.2
[INFO] [stderr]     Checking constant_time_eq v0.1.5
[INFO] [stderr]    Compiling synstructure v0.12.5
[INFO] [stderr]    Compiling wasm-bindgen-backend v0.2.78
[INFO] [stderr]    Compiling wasm-bindgen v0.2.78
[INFO] [stderr]     Checking httpdate v0.3.2
[INFO] [stderr]     Checking want v0.3.0
[INFO] [stderr]     Checking regex v1.5.4
[INFO] [stderr]     Checking rand v0.7.3
[INFO] [stderr]    Compiling wasm-bindgen-macro-support v0.2.78
[INFO] [stderr]     Checking http-body v0.4.3
[INFO] [stderr]     Checking cryptovec v0.6.1
[INFO] [stderr]     Checking socket2 v0.4.2
[INFO] [stderr]    Compiling num-iter v0.1.42
[INFO] [stderr]    Compiling num-complex v0.2.4
[INFO] [stderr]    Compiling num-rational v0.2.4
[INFO] [stderr]     Checking cpuid-bool v0.2.0
[INFO] [stderr]     Checking keccak v0.1.0
[INFO] [stderr]    Compiling encoding_rs v0.8.28
[INFO] [stderr]     Checking tower-service v0.3.1
[INFO] [stderr]    Compiling blake2b_simd v0.5.11
[INFO] [stderr]    Compiling blake2s_simd v0.5.11
[INFO] [stderr]     Checking rand_core v0.6.3
[INFO] [stderr]     Checking atty v0.2.14
[INFO] [stderr]     Checking time v0.1.44
[INFO] [stderr]    Compiling nom v5.1.2
[INFO] [stderr]     Checking half v1.7.1
[INFO] [stderr]     Checking unsigned-varint v0.5.1
[INFO] [stderr]     Checking lexical-core v0.7.6
[INFO] [stderr]     Checking rand_chacha v0.3.1
[INFO] [stderr]     Checking sct v0.6.1
[INFO] [stderr]     Checking webpki v0.21.4
[INFO] [stderr]    Compiling serde_derive v1.0.130
[INFO] [stderr]    Compiling thiserror-impl v1.0.29
[INFO] [stderr]    Compiling tracing-attributes v0.1.16
[INFO] [stderr]    Compiling tokio-macros v1.3.0
[INFO] [stderr]    Compiling zeroize_derive v1.2.0
[INFO] [stderr]    Compiling minicbor-derive v0.6.4
[INFO] [stderr]    Compiling pin-project-internal v1.0.8
[INFO] [stderr]     Checking zeroize v1.4.2
[INFO] [stderr]    Compiling wasm-bindgen-macro v0.2.78
[INFO] [stderr]     Checking tracing v0.1.28
[INFO] [stderr]     Checking thiserror v1.0.29
[INFO] [stderr]    Compiling strum_macros v0.21.1
[INFO] [stderr]     Checking thrussh-encoding v0.1.0 (https://github.com/FintanH/thrussh.git?branch=generic-agent#fb6e2a52)
[INFO] [stderr]    Compiling data-encoding-macro-internal v0.1.10
[INFO] [stderr]     Checking pin-project v1.0.8
[INFO] [stderr]     Checking minicbor v0.9.1
[INFO] [stderr]     Checking data-encoding-macro v0.1.12
[INFO] [stderr]    Compiling backtrace v0.3.61
[INFO] [stderr]     Checking secstr v0.3.2
[INFO] [stderr]     Checking rpassword v4.0.5
[INFO] [stderr]    Compiling unicase v2.6.0
[INFO] [stderr]     Checking futures-executor v0.3.17
[INFO] [stderr]     Checking futures v0.3.17
[INFO] [stderr]    Compiling doc-comment v0.3.3
[INFO] [stderr]     Checking thrussh-agent v0.1.0 (https://github.com/FintanH/thrussh.git?branch=generic-agent#fb6e2a52)
[INFO] [stderr]     Checking ipnet v2.3.1
[INFO] [stderr]     Checking strum v0.21.0
[INFO] [stderr]     Checking maplit v1.0.2
[INFO] [stderr]     Checking base-x v0.2.8
[INFO] [stderr]     Checking gimli v0.25.0
[INFO] [stderr]    Compiling radicle-std-ext v0.1.0 (https://github.com/radicle-dev/radicle-link.git?branch=alexjg/collab-objects#01ad3f4d)
[INFO] [stderr]     Checking fastrand v1.5.0
[INFO] [stderr]     Checking bit-vec v0.6.3
[INFO] [stderr]     Checking multibase v0.9.1
[INFO] [stderr]     Checking clap v2.33.3
[INFO] [stderr]     Checking futures-lite v1.12.0
[INFO] [stderr]     Checking bit-set v0.5.2
[INFO] [stderr]     Checking num v0.2.1
[INFO] [stderr]     Checking flate2 v1.0.22
[INFO] [stderr]     Checking rustls v0.19.1
[INFO] [stderr]     Checking tokio-util v0.6.8
[INFO] [stderr]     Checking tokio-native-tls v0.3.0
[INFO] [stderr]    Compiling structopt-derive v0.4.16
[INFO] [stderr]     Checking rand v0.8.4
[INFO] [stderr]     Checking serde v1.0.130
[INFO] [stderr]     Checking h2 v0.3.4
[INFO] [stderr]     Checking fxhash v0.2.1
[INFO] [stderr]     Checking addr2line v0.16.0
[INFO] [stderr]     Checking object v0.26.2
[INFO] [stderr]     Checking leb128 v0.2.4
[INFO] [stderr]    Compiling hyperx v1.3.0
[INFO] [stderr]     Checking rustc-demangle v0.1.21
[INFO] [stderr]     Checking nonzero_ext v0.2.0
[INFO] [stderr]     Checking nonempty v0.6.0
[INFO] [stderr]     Checking dyn-clone v1.0.4
[INFO] [stderr]     Checking git-trailers v0.1.0 (https://github.com/radicle-dev/radicle-link.git?branch=alexjg/collab-objects#01ad3f4d)
[INFO] [stderr]     Checking xorf v0.7.2
[INFO] [stderr]     Checking fraction v0.8.0
[INFO] [stderr]     Checking fancy-regex v0.7.1
[INFO] [stderr]     Checking structopt v0.3.23
[INFO] [stderr]    Compiling snafu-derive v0.6.10
[INFO] [stderr]     Checking regex-automata v0.1.10
[INFO] [stderr]     Checking sized-vec v0.3.0
[INFO] [stderr]     Checking terminal_size v0.1.17
[INFO] [stderr]     Checking num-cmp v0.1.0
[INFO] [stderr]     Checking fixedbitset v0.2.0
[INFO] [stderr]     Checking petgraph v0.5.1
[INFO] [stderr]     Checking matchers v0.0.1
[INFO] [stderr]     Checking console v0.14.1
[INFO] [stderr]     Checking digest v0.9.0
[INFO] [stderr]     Checking block-buffer v0.9.0
[INFO] [stderr]     Checking sha2 v0.9.8
[INFO] [stderr]     Checking url v2.2.2
[INFO] [stderr]     Checking crypto-mac v0.9.1
[INFO] [stderr]     Checking universal-hash v0.4.1
[INFO] [stderr]     Checking stream-cipher v0.4.1
[INFO] [stderr]     Checking poly1305 v0.6.2
[INFO] [stderr]     Checking chacha20 v0.4.3
[INFO] [stderr]     Checking hyper v0.14.5
[INFO] [stderr]     Checking pbkdf2 v0.5.0
[INFO] [stderr]     Checking hmac v0.9.0
[INFO] [stderr]     Checking sha3 v0.9.1
[INFO] [stderr]     Checking sha-1 v0.9.8
[INFO] [stderr]     Checking curve25519-dalek v3.2.0
[INFO] [stderr]     Checking aead v0.3.2
[INFO] [stderr]     Checking smol_str v0.1.18
[INFO] [stderr]     Checking either v1.6.1
[INFO] [stderr]     Checking uuid v0.8.2
[INFO] [stderr]     Checking chacha20poly1305 v0.5.1
[INFO] [stderr]     Checking js-sys v0.3.55
[INFO] [stderr]    Compiling multihash v0.11.4
[INFO] [stderr]     Checking scrypt v0.4.1
[INFO] [stderr]     Checking automerge-protocol v0.1.0 (https://github.com/automerge/automerge-rs.git?branch=main#5a26f8fc)
[INFO] [stderr]     Checking ed25519-zebra v2.2.0 (https://github.com/ZcashFoundation/ed25519-zebra?rev=0e7a96a267a756e642e102a28a44dd79b9c7df69#0e7a96a2)
[INFO] [stderr]     Checking serde_cbor v0.10.2
[INFO] [stderr]     Checking serde_urlencoded v0.7.0
[INFO] [stderr]     Checking chrono v0.4.19
[INFO] [stderr]     Checking itertools v0.9.0
[INFO] [stderr]     Checking serde_bytes v0.11.5
[INFO] [stderr]     Checking radicle-keystore v0.1.1 (https://github.com/radicle-dev/radicle-keystore?rev=53d4fba2fcdb9f8bb5a0a080bdcc30ca86820c57#53d4fba2)
[INFO] [stderr]     Checking link-canonical v0.1.0 (https://github.com/radicle-dev/radicle-link.git?branch=alexjg/collab-objects#01ad3f4d)
[INFO] [stderr]     Checking radicle-data v0.1.0 (https://github.com/radicle-dev/radicle-link.git?branch=alexjg/collab-objects#01ad3f4d)
[INFO] [stderr]     Checking automerge-frontend v0.1.0 (https://github.com/automerge/automerge-rs.git?branch=main#5a26f8fc)
[INFO] [stderr]     Checking serde_path_to_error v0.1.5
[INFO] [stderr]     Checking snafu v0.6.10
[INFO] [stderr]     Checking toml v0.5.8
[INFO] [stderr]     Checking tracing-serde v0.1.2
[INFO] [stderr]    Compiling clap_derive v3.0.0-beta.4
[INFO] [stderr]     Checking textwrap v0.14.2
[INFO] [stderr]     Checking lru v0.6.6
[INFO] [stderr]     Checking tracing-log v0.1.2
[INFO] [stderr]     Checking bstr v0.2.17
[INFO] [stderr]     Checking thread_local v1.1.3
[INFO] [stderr]     Checking sharded-slab v0.1.3
[INFO] [stderr]     Checking arc-swap v1.4.0
[INFO] [stderr]     Checking os_str_bytes v3.1.0
[INFO] [stderr]     Checking termcolor v1.1.2
[INFO] [stderr]     Checking hyper-tls v0.5.0
[INFO] [stderr]     Checking number_prefix v0.4.0
[INFO] [stderr]     Checking globset v0.4.8
[INFO] [stderr]     Checking reqwest v0.11.4
[INFO] [stderr]     Checking indicatif v0.16.2
[INFO] [stderr]     Checking tracing-subscriber v0.2.24
[INFO] [stderr]     Checking web-sys v0.3.55
[INFO] [stderr]     Checking jsonschema v0.12.1
[INFO] [stderr]     Checking octocrab v0.12.0
[INFO] [stderr]     Checking clap v3.0.0-beta.4
[INFO] [stderr]     Checking automerge-backend v0.0.1 (https://github.com/automerge/automerge-rs.git?branch=main#5a26f8fc)
[INFO] [stderr]     Checking automerge v0.0.2 (https://github.com/automerge/automerge-rs.git?branch=main#5a26f8fc)
[INFO] [stderr]    Compiling git2 v0.13.20 (https://github.com/radicle-dev/git2-rs.git?rev=ae027b9e7b125f56397bbb7d8652b3427deeede6#ae027b9e)
[INFO] [stderr]     Checking radicle-git-ext v0.1.0 (https://github.com/radicle-dev/radicle-link.git?branch=alexjg/collab-objects#01ad3f4d)
[INFO] [stderr]     Checking link-crypto v0.1.0 (https://github.com/radicle-dev/radicle-link.git?branch=alexjg/collab-objects#01ad3f4d)
[INFO] [stderr]    Compiling radicle-macros v0.1.0 (https://github.com/radicle-dev/radicle-link.git?branch=alexjg/collab-objects#01ad3f4d)
[INFO] [stderr]     Checking link-identities v0.1.0 (https://github.com/radicle-dev/radicle-link.git?branch=alexjg/collab-objects#01ad3f4d)
[INFO] [stdout] error[E0277]: the trait bound `<S as crypto::radicle_keystore::sign::Signer>::Error: StdError` is not satisfied
[INFO] [stdout]    --> /opt/rustwide/cargo-home/git/checkouts/radicle-link-009c17032bc5eda9/01ad3f4/link-identities/src/git.rs:830:8
[INFO] [stdout]     |
[INFO] [stdout] 830 |     S: Signer,
[INFO] [stdout]     |        ^^^^^^ the trait `StdError` is not implemented for `<S as crypto::radicle_keystore::sign::Signer>::Error`
[INFO] [stdout]     |
[INFO] [stdout] note: required by a bound in `crypto::Signer`
[INFO] [stdout]    --> /opt/rustwide/cargo-home/git/checkouts/radicle-link-009c17032bc5eda9/01ad3f4/link-crypto/src/signer.rs:18:25
[INFO] [stdout]     |
[INFO] [stdout] 17  | pub trait Signer:
[INFO] [stdout]     |           ------ required by a bound in this trait
[INFO] [stdout] 18  |     sign::Signer<Error: std::error::Error + Send + Sync + 'static>
[INFO] [stdout]     |                         ^^^^^^^^^^^^^^^^^ required by this bound in `Signer`
[INFO] [stdout] help: consider further restricting the associated type
[INFO] [stdout]     |
[INFO] [stdout] 830 |     S: Signer, <S as crypto::radicle_keystore::sign::Signer>::Error: StdError
[INFO] [stdout]     |              ~~~~~~~~~~~~~~~~~~~~~~~~~~~~~~~~~~~~~~~~~~~~~~~~~~~~~~~~~~~~~~~~
[INFO] [stdout] 
[INFO] [stdout] 
[INFO] [stdout] error[E0277]: `<S as crypto::radicle_keystore::sign::Signer>::Error` cannot be sent between threads safely
[INFO] [stdout]    --> /opt/rustwide/cargo-home/git/checkouts/radicle-link-009c17032bc5eda9/01ad3f4/link-identities/src/git.rs:830:8
[INFO] [stdout]     |
[INFO] [stdout] 830 |     S: Signer,
[INFO] [stdout]     |        ^^^^^^ `<S as crypto::radicle_keystore::sign::Signer>::Error` cannot be sent between threads safely
[INFO] [stdout]     |
[INFO] [stdout]     = help: the trait `Send` is not implemented for `<S as crypto::radicle_keystore::sign::Signer>::Error`
[INFO] [stdout] note: required by a bound in `crypto::Signer`
[INFO] [stdout]    --> /opt/rustwide/cargo-home/git/checkouts/radicle-link-009c17032bc5eda9/01ad3f4/link-crypto/src/signer.rs:18:45
[INFO] [stdout]     |
[INFO] [stdout] 17  | pub trait Signer:
[INFO] [stdout]     |           ------ required by a bound in this trait
[INFO] [stdout] 18  |     sign::Signer<Error: std::error::Error + Send + Sync + 'static>
[INFO] [stdout]     |                                             ^^^^ required by this bound in `Signer`
[INFO] [stdout] help: consider further restricting the associated type
[INFO] [stdout]     |
[INFO] [stdout] 830 |     S: Signer, <S as crypto::radicle_keystore::sign::Signer>::Error: Send
[INFO] [stdout]     |              ~~~~~~~~~~~~~~~~~~~~~~~~~~~~~~~~~~~~~~~~~~~~~~~~~~~~~~~~~~~~
[INFO] [stdout] 
[INFO] [stdout] 
[INFO] [stdout] error[E0277]: `<S as crypto::radicle_keystore::sign::Signer>::Error` cannot be shared between threads safely
[INFO] [stdout]    --> /opt/rustwide/cargo-home/git/checkouts/radicle-link-009c17032bc5eda9/01ad3f4/link-identities/src/git.rs:830:8
[INFO] [stdout]     |
[INFO] [stdout] 830 |     S: Signer,
[INFO] [stdout]     |        ^^^^^^ `<S as crypto::radicle_keystore::sign::Signer>::Error` cannot be shared between threads safely
[INFO] [stdout]     |
[INFO] [stdout]     = help: the trait `Sync` is not implemented for `<S as crypto::radicle_keystore::sign::Signer>::Error`
[INFO] [stdout] note: required by a bound in `crypto::Signer`
[INFO] [stdout]    --> /opt/rustwide/cargo-home/git/checkouts/radicle-link-009c17032bc5eda9/01ad3f4/link-crypto/src/signer.rs:18:52
[INFO] [stdout]     |
[INFO] [stdout] 17  | pub trait Signer:
[INFO] [stdout]     |           ------ required by a bound in this trait
[INFO] [stdout] 18  |     sign::Signer<Error: std::error::Error + Send + Sync + 'static>
[INFO] [stdout]     |                                                    ^^^^ required by this bound in `Signer`
[INFO] [stdout] help: consider further restricting the associated type
[INFO] [stdout]     |
[INFO] [stdout] 830 |     S: Signer, <S as crypto::radicle_keystore::sign::Signer>::Error: Sync
[INFO] [stdout]     |              ~~~~~~~~~~~~~~~~~~~~~~~~~~~~~~~~~~~~~~~~~~~~~~~~~~~~~~~~~~~~
[INFO] [stdout] 
[INFO] [stdout] 
[INFO] [stdout] error[E0277]: the trait bound `<S as crypto::radicle_keystore::sign::Signer>::Error: StdError` is not satisfied
[INFO] [stdout]    --> /opt/rustwide/cargo-home/git/checkouts/radicle-link-009c17032bc5eda9/01ad3f4/link-identities/src/git.rs:247:12
[INFO] [stdout]     |
[INFO] [stdout] 247 |         S: Signer,
[INFO] [stdout]     |            ^^^^^^ the trait `StdError` is not implemented for `<S as crypto::radicle_keystore::sign::Signer>::Error`
[INFO] [stdout]     |
[INFO] [stdout] note: required by a bound in `crypto::Signer`
[INFO] [stdout]    --> /opt/rustwide/cargo-home/git/checkouts/radicle-link-009c17032bc5eda9/01ad3f4/link-crypto/src/signer.rs:18:25
[INFO] [stdout]     |
[INFO] [stdout] 17  | pub trait Signer:
[INFO] [stdout]     |           ------ required by a bound in this trait
[INFO] [stdout] 18  |     sign::Signer<Error: std::error::Error + Send + Sync + 'static>
[INFO] [stdout]     |                         ^^^^^^^^^^^^^^^^^ required by this bound in `Signer`
[INFO] [stdout] help: consider further restricting the associated type
[INFO] [stdout]     |
[INFO] [stdout] 247 |         S: Signer, <S as crypto::radicle_keystore::sign::Signer>::Error: StdError
[INFO] [stdout]     |                  ~~~~~~~~~~~~~~~~~~~~~~~~~~~~~~~~~~~~~~~~~~~~~~~~~~~~~~~~~~~~~~~~
[INFO] [stdout] 
[INFO] [stdout] 
[INFO] [stdout] error[E0277]: `<S as crypto::radicle_keystore::sign::Signer>::Error` cannot be sent between threads safely
[INFO] [stdout]    --> /opt/rustwide/cargo-home/git/checkouts/radicle-link-009c17032bc5eda9/01ad3f4/link-identities/src/git.rs:247:12
[INFO] [stdout]     |
[INFO] [stdout] 247 |         S: Signer,
[INFO] [stdout]     |            ^^^^^^ `<S as crypto::radicle_keystore::sign::Signer>::Error` cannot be sent between threads safely
[INFO] [stdout]     |
[INFO] [stdout]     = help: the trait `Send` is not implemented for `<S as crypto::radicle_keystore::sign::Signer>::Error`
[INFO] [stdout] note: required by a bound in `crypto::Signer`
[INFO] [stdout]    --> /opt/rustwide/cargo-home/git/checkouts/radicle-link-009c17032bc5eda9/01ad3f4/link-crypto/src/signer.rs:18:45
[INFO] [stdout]     |
[INFO] [stdout] 17  | pub trait Signer:
[INFO] [stdout]     |           ------ required by a bound in this trait
[INFO] [stdout] 18  |     sign::Signer<Error: std::error::Error + Send + Sync + 'static>
[INFO] [stdout]     |                                             ^^^^ required by this bound in `Signer`
[INFO] [stdout] help: consider further restricting the associated type
[INFO] [stdout]     |
[INFO] [stdout] 247 |         S: Signer, <S as crypto::radicle_keystore::sign::Signer>::Error: Send
[INFO] [stdout]     |                  ~~~~~~~~~~~~~~~~~~~~~~~~~~~~~~~~~~~~~~~~~~~~~~~~~~~~~~~~~~~~
[INFO] [stdout] 
[INFO] [stdout] 
[INFO] [stdout] error[E0277]: `<S as crypto::radicle_keystore::sign::Signer>::Error` cannot be shared between threads safely
[INFO] [stdout]    --> /opt/rustwide/cargo-home/git/checkouts/radicle-link-009c17032bc5eda9/01ad3f4/link-identities/src/git.rs:247:12
[INFO] [stdout]     |
[INFO] [stdout] 247 |         S: Signer,
[INFO] [stdout]     |            ^^^^^^ `<S as crypto::radicle_keystore::sign::Signer>::Error` cannot be shared between threads safely
[INFO] [stdout]     |
[INFO] [stdout]     = help: the trait `Sync` is not implemented for `<S as crypto::radicle_keystore::sign::Signer>::Error`
[INFO] [stdout] note: required by a bound in `crypto::Signer`
[INFO] [stdout]    --> /opt/rustwide/cargo-home/git/checkouts/radicle-link-009c17032bc5eda9/01ad3f4/link-crypto/src/signer.rs:18:52
[INFO] [stdout]     |
[INFO] [stdout] 17  | pub trait Signer:
[INFO] [stdout]     |           ------ required by a bound in this trait
[INFO] [stdout] 18  |     sign::Signer<Error: std::error::Error + Send + Sync + 'static>
[INFO] [stdout]     |                                                    ^^^^ required by this bound in `Signer`
[INFO] [stdout] help: consider further restricting the associated type
[INFO] [stdout]     |
[INFO] [stdout] 247 |         S: Signer, <S as crypto::radicle_keystore::sign::Signer>::Error: Sync
[INFO] [stdout]     |                  ~~~~~~~~~~~~~~~~~~~~~~~~~~~~~~~~~~~~~~~~~~~~~~~~~~~~~~~~~~~~
[INFO] [stdout] 
[INFO] [stdout] 
[INFO] [stdout] error[E0277]: the trait bound `<S as crypto::radicle_keystore::sign::Signer>::Error: StdError` is not satisfied
[INFO] [stdout]    --> /opt/rustwide/cargo-home/git/checkouts/radicle-link-009c17032bc5eda9/01ad3f4/link-identities/src/git.rs:302:12
[INFO] [stdout]     |
[INFO] [stdout] 302 |         S: Signer,
[INFO] [stdout]     |            ^^^^^^ the trait `StdError` is not implemented for `<S as crypto::radicle_keystore::sign::Signer>::Error`
[INFO] [stdout]     |
[INFO] [stdout] note: required by a bound in `crypto::Signer`
[INFO] [stdout]    --> /opt/rustwide/cargo-home/git/checkouts/radicle-link-009c17032bc5eda9/01ad3f4/link-crypto/src/signer.rs:18:25
[INFO] [stdout]     |
[INFO] [stdout] 17  | pub trait Signer:
[INFO] [stdout]     |           ------ required by a bound in this trait
[INFO] [stdout] 18  |     sign::Signer<Error: std::error::Error + Send + Sync + 'static>
[INFO] [stdout]     |                         ^^^^^^^^^^^^^^^^^ required by this bound in `Signer`
[INFO] [stdout] help: consider further restricting the associated type
[INFO] [stdout]     |
[INFO] [stdout] 302 |         S: Signer, <S as crypto::radicle_keystore::sign::Signer>::Error: StdError
[INFO] [stdout]     |                  ~~~~~~~~~~~~~~~~~~~~~~~~~~~~~~~~~~~~~~~~~~~~~~~~~~~~~~~~~~~~~~~~
[INFO] [stdout] 
[INFO] [stdout] 
[INFO] [stdout] error[E0277]: `<S as crypto::radicle_keystore::sign::Signer>::Error` cannot be sent between threads safely
[INFO] [stdout]    --> /opt/rustwide/cargo-home/git/checkouts/radicle-link-009c17032bc5eda9/01ad3f4/link-identities/src/git.rs:302:12
[INFO] [stdout]     |
[INFO] [stdout] 302 |         S: Signer,
[INFO] [stdout]     |            ^^^^^^ `<S as crypto::radicle_keystore::sign::Signer>::Error` cannot be sent between threads safely
[INFO] [stdout]     |
[INFO] [stdout]     = help: the trait `Send` is not implemented for `<S as crypto::radicle_keystore::sign::Signer>::Error`
[INFO] [stdout] note: required by a bound in `crypto::Signer`
[INFO] [stdout]    --> /opt/rustwide/cargo-home/git/checkouts/radicle-link-009c17032bc5eda9/01ad3f4/link-crypto/src/signer.rs:18:45
[INFO] [stdout]     |
[INFO] [stdout] 17  | pub trait Signer:
[INFO] [stdout]     |           ------ required by a bound in this trait
[INFO] [stdout] 18  |     sign::Signer<Error: std::error::Error + Send + Sync + 'static>
[INFO] [stdout]     |                                             ^^^^ required by this bound in `Signer`
[INFO] [stdout] help: consider further restricting the associated type
[INFO] [stdout]     |
[INFO] [stdout] 302 |         S: Signer, <S as crypto::radicle_keystore::sign::Signer>::Error: Send
[INFO] [stdout]     |                  ~~~~~~~~~~~~~~~~~~~~~~~~~~~~~~~~~~~~~~~~~~~~~~~~~~~~~~~~~~~~
[INFO] [stdout] 
[INFO] [stdout] 
[INFO] [stdout] error[E0277]: `<S as crypto::radicle_keystore::sign::Signer>::Error` cannot be shared between threads safely
[INFO] [stdout]    --> /opt/rustwide/cargo-home/git/checkouts/radicle-link-009c17032bc5eda9/01ad3f4/link-identities/src/git.rs:302:12
[INFO] [stdout]     |
[INFO] [stdout] 302 |         S: Signer,
[INFO] [stdout]     |            ^^^^^^ `<S as crypto::radicle_keystore::sign::Signer>::Error` cannot be shared between threads safely
[INFO] [stdout]     |
[INFO] [stdout]     = help: the trait `Sync` is not implemented for `<S as crypto::radicle_keystore::sign::Signer>::Error`
[INFO] [stdout] note: required by a bound in `crypto::Signer`
[INFO] [stdout]    --> /opt/rustwide/cargo-home/git/checkouts/radicle-link-009c17032bc5eda9/01ad3f4/link-crypto/src/signer.rs:18:52
[INFO] [stdout]     |
[INFO] [stdout] 17  | pub trait Signer:
[INFO] [stdout]     |           ------ required by a bound in this trait
[INFO] [stdout] 18  |     sign::Signer<Error: std::error::Error + Send + Sync + 'static>
[INFO] [stdout]     |                                                    ^^^^ required by this bound in `Signer`
[INFO] [stdout] help: consider further restricting the associated type
[INFO] [stdout]     |
[INFO] [stdout] 302 |         S: Signer, <S as crypto::radicle_keystore::sign::Signer>::Error: Sync
[INFO] [stdout]     |                  ~~~~~~~~~~~~~~~~~~~~~~~~~~~~~~~~~~~~~~~~~~~~~~~~~~~~~~~~~~~~
[INFO] [stdout] 
[INFO] [stdout] 
[INFO] [stdout] error[E0277]: the trait bound `<S as crypto::radicle_keystore::sign::Signer>::Error: StdError` is not satisfied
[INFO] [stdout]    --> /opt/rustwide/cargo-home/git/checkouts/radicle-link-009c17032bc5eda9/01ad3f4/link-identities/src/git.rs:463:12
[INFO] [stdout]     |
[INFO] [stdout] 463 |         S: Signer,
[INFO] [stdout]     |            ^^^^^^ the trait `StdError` is not implemented for `<S as crypto::radicle_keystore::sign::Signer>::Error`
[INFO] [stdout]     |
[INFO] [stdout] note: required by a bound in `crypto::Signer`
[INFO] [stdout]    --> /opt/rustwide/cargo-home/git/checkouts/radicle-link-009c17032bc5eda9/01ad3f4/link-crypto/src/signer.rs:18:25
[INFO] [stdout]     |
[INFO] [stdout] 17  | pub trait Signer:
[INFO] [stdout]     |           ------ required by a bound in this trait
[INFO] [stdout] 18  |     sign::Signer<Error: std::error::Error + Send + Sync + 'static>
[INFO] [stdout]     |                         ^^^^^^^^^^^^^^^^^ required by this bound in `Signer`
[INFO] [stdout] help: consider further restricting the associated type
[INFO] [stdout]     |
[INFO] [stdout] 463 |         S: Signer, <S as crypto::radicle_keystore::sign::Signer>::Error: StdError
[INFO] [stdout]     |                  ~~~~~~~~~~~~~~~~~~~~~~~~~~~~~~~~~~~~~~~~~~~~~~~~~~~~~~~~~~~~~~~~
[INFO] [stdout] 
[INFO] [stdout] 
[INFO] [stdout] error[E0277]: `<S as crypto::radicle_keystore::sign::Signer>::Error` cannot be sent between threads safely
[INFO] [stdout]    --> /opt/rustwide/cargo-home/git/checkouts/radicle-link-009c17032bc5eda9/01ad3f4/link-identities/src/git.rs:463:12
[INFO] [stdout]     |
[INFO] [stdout] 463 |         S: Signer,
[INFO] [stdout]     |            ^^^^^^ `<S as crypto::radicle_keystore::sign::Signer>::Error` cannot be sent between threads safely
[INFO] [stdout]     |
[INFO] [stdout]     = help: the trait `Send` is not implemented for `<S as crypto::radicle_keystore::sign::Signer>::Error`
[INFO] [stdout] note: required by a bound in `crypto::Signer`
[INFO] [stdout]    --> /opt/rustwide/cargo-home/git/checkouts/radicle-link-009c17032bc5eda9/01ad3f4/link-crypto/src/signer.rs:18:45
[INFO] [stdout]     |
[INFO] [stdout] 17  | pub trait Signer:
[INFO] [stdout]     |           ------ required by a bound in this trait
[INFO] [stdout] 18  |     sign::Signer<Error: std::error::Error + Send + Sync + 'static>
[INFO] [stdout]     |                                             ^^^^ required by this bound in `Signer`
[INFO] [stdout] help: consider further restricting the associated type
[INFO] [stdout]     |
[INFO] [stdout] 463 |         S: Signer, <S as crypto::radicle_keystore::sign::Signer>::Error: Send
[INFO] [stdout]     |                  ~~~~~~~~~~~~~~~~~~~~~~~~~~~~~~~~~~~~~~~~~~~~~~~~~~~~~~~~~~~~
[INFO] [stdout] 
[INFO] [stdout] 
[INFO] [stdout] error[E0277]: `<S as crypto::radicle_keystore::sign::Signer>::Error` cannot be shared between threads safely
[INFO] [stdout]    --> /opt/rustwide/cargo-home/git/checkouts/radicle-link-009c17032bc5eda9/01ad3f4/link-identities/src/git.rs:463:12
[INFO] [stdout]     |
[INFO] [stdout] 463 |         S: Signer,
[INFO] [stdout]     |            ^^^^^^ `<S as crypto::radicle_keystore::sign::Signer>::Error` cannot be shared between threads safely
[INFO] [stdout]     |
[INFO] [stdout]     = help: the trait `Sync` is not implemented for `<S as crypto::radicle_keystore::sign::Signer>::Error`
[INFO] [stdout] note: required by a bound in `crypto::Signer`
[INFO] [stdout]    --> /opt/rustwide/cargo-home/git/checkouts/radicle-link-009c17032bc5eda9/01ad3f4/link-crypto/src/signer.rs:18:52
[INFO] [stdout]     |
[INFO] [stdout] 17  | pub trait Signer:
[INFO] [stdout]     |           ------ required by a bound in this trait
[INFO] [stdout] 18  |     sign::Signer<Error: std::error::Error + Send + Sync + 'static>
[INFO] [stdout]     |                                                    ^^^^ required by this bound in `Signer`
[INFO] [stdout] help: consider further restricting the associated type
[INFO] [stdout]     |
[INFO] [stdout] 463 |         S: Signer, <S as crypto::radicle_keystore::sign::Signer>::Error: Sync
[INFO] [stdout]     |                  ~~~~~~~~~~~~~~~~~~~~~~~~~~~~~~~~~~~~~~~~~~~~~~~~~~~~~~~~~~~~
[INFO] [stdout] 
[INFO] [stdout] 
[INFO] [stdout] error[E0277]: the trait bound `<S as crypto::radicle_keystore::sign::Signer>::Error: StdError` is not satisfied
[INFO] [stdout]    --> /opt/rustwide/cargo-home/git/checkouts/radicle-link-009c17032bc5eda9/01ad3f4/link-identities/src/git.rs:521:12
[INFO] [stdout]     |
[INFO] [stdout] 521 |         S: Signer,
[INFO] [stdout]     |            ^^^^^^ the trait `StdError` is not implemented for `<S as crypto::radicle_keystore::sign::Signer>::Error`
[INFO] [stdout]     |
[INFO] [stdout] note: required by a bound in `crypto::Signer`
[INFO] [stdout]    --> /opt/rustwide/cargo-home/git/checkouts/radicle-link-009c17032bc5eda9/01ad3f4/link-crypto/src/signer.rs:18:25
[INFO] [stdout]     |
[INFO] [stdout] 17  | pub trait Signer:
[INFO] [stdout]     |           ------ required by a bound in this trait
[INFO] [stdout] 18  |     sign::Signer<Error: std::error::Error + Send + Sync + 'static>
[INFO] [stdout]     |                         ^^^^^^^^^^^^^^^^^ required by this bound in `Signer`
[INFO] [stdout] help: consider further restricting the associated type
[INFO] [stdout]     |
[INFO] [stdout] 521 |         S: Signer, <S as crypto::radicle_keystore::sign::Signer>::Error: StdError
[INFO] [stdout]     |                  ~~~~~~~~~~~~~~~~~~~~~~~~~~~~~~~~~~~~~~~~~~~~~~~~~~~~~~~~~~~~~~~~
[INFO] [stdout] 
[INFO] [stdout] 
[INFO] [stdout] error[E0277]: `<S as crypto::radicle_keystore::sign::Signer>::Error` cannot be sent between threads safely
[INFO] [stdout]    --> /opt/rustwide/cargo-home/git/checkouts/radicle-link-009c17032bc5eda9/01ad3f4/link-identities/src/git.rs:521:12
[INFO] [stdout]     |
[INFO] [stdout] 521 |         S: Signer,
[INFO] [stdout]     |            ^^^^^^ `<S as crypto::radicle_keystore::sign::Signer>::Error` cannot be sent between threads safely
[INFO] [stdout]     |
[INFO] [stdout]     = help: the trait `Send` is not implemented for `<S as crypto::radicle_keystore::sign::Signer>::Error`
[INFO] [stdout] note: required by a bound in `crypto::Signer`
[INFO] [stdout]    --> /opt/rustwide/cargo-home/git/checkouts/radicle-link-009c17032bc5eda9/01ad3f4/link-crypto/src/signer.rs:18:45
[INFO] [stdout]     |
[INFO] [stdout] 17  | pub trait Signer:
[INFO] [stdout]     |           ------ required by a bound in this trait
[INFO] [stdout] 18  |     sign::Signer<Error: std::error::Error + Send + Sync + 'static>
[INFO] [stdout]     |                                             ^^^^ required by this bound in `Signer`
[INFO] [stdout] help: consider further restricting the associated type
[INFO] [stdout]     |
[INFO] [stdout] 521 |         S: Signer, <S as crypto::radicle_keystore::sign::Signer>::Error: Send
[INFO] [stdout]     |                  ~~~~~~~~~~~~~~~~~~~~~~~~~~~~~~~~~~~~~~~~~~~~~~~~~~~~~~~~~~~~
[INFO] [stdout] 
[INFO] [stdout] 
[INFO] [stdout] error[E0277]: `<S as crypto::radicle_keystore::sign::Signer>::Error` cannot be shared between threads safely
[INFO] [stdout]    --> /opt/rustwide/cargo-home/git/checkouts/radicle-link-009c17032bc5eda9/01ad3f4/link-identities/src/git.rs:521:12
[INFO] [stdout]     |
[INFO] [stdout] 521 |         S: Signer,
[INFO] [stdout]     |            ^^^^^^ `<S as crypto::radicle_keystore::sign::Signer>::Error` cannot be shared between threads safely
[INFO] [stdout]     |
[INFO] [stdout]     = help: the trait `Sync` is not implemented for `<S as crypto::radicle_keystore::sign::Signer>::Error`
[INFO] [stdout] note: required by a bound in `crypto::Signer`
[INFO] [stdout]    --> /opt/rustwide/cargo-home/git/checkouts/radicle-link-009c17032bc5eda9/01ad3f4/link-crypto/src/signer.rs:18:52
[INFO] [stdout]     |
[INFO] [stdout] 17  | pub trait Signer:
[INFO] [stdout]     |           ------ required by a bound in this trait
[INFO] [stdout] 18  |     sign::Signer<Error: std::error::Error + Send + Sync + 'static>
[INFO] [stdout]     |                                                    ^^^^ required by this bound in `Signer`
[INFO] [stdout] help: consider further restricting the associated type
[INFO] [stdout]     |
[INFO] [stdout] 521 |         S: Signer, <S as crypto::radicle_keystore::sign::Signer>::Error: Sync
[INFO] [stdout]     |                  ~~~~~~~~~~~~~~~~~~~~~~~~~~~~~~~~~~~~~~~~~~~~~~~~~~~~~~~~~~~~
[INFO] [stdout] 
[INFO] [stdout] 
[INFO] [stdout] error[E0277]: the trait bound `<S as crypto::radicle_keystore::sign::Signer>::Error: StdError` is not satisfied
[INFO] [stdout]    --> /opt/rustwide/cargo-home/git/checkouts/radicle-link-009c17032bc5eda9/01ad3f4/link-identities/src/git.rs:625:12
[INFO] [stdout]     |
[INFO] [stdout] 625 |         S: Signer,
[INFO] [stdout]     |            ^^^^^^ the trait `StdError` is not implemented for `<S as crypto::radicle_keystore::sign::Signer>::Error`
[INFO] [stdout]     |
[INFO] [stdout] note: required by a bound in `crypto::Signer`
[INFO] [stdout]    --> /opt/rustwide/cargo-home/git/checkouts/radicle-link-009c17032bc5eda9/01ad3f4/link-crypto/src/signer.rs:18:25
[INFO] [stdout]     |
[INFO] [stdout] 17  | pub trait Signer:
[INFO] [stdout]     |           ------ required by a bound in this trait
[INFO] [stdout] 18  |     sign::Signer<Error: std::error::Error + Send + Sync + 'static>
[INFO] [stdout]     |                         ^^^^^^^^^^^^^^^^^ required by this bound in `Signer`
[INFO] [stdout] help: consider further restricting the associated type
[INFO] [stdout]     |
[INFO] [stdout] 625 |         S: Signer, <S as crypto::radicle_keystore::sign::Signer>::Error: StdError
[INFO] [stdout]     |                  ~~~~~~~~~~~~~~~~~~~~~~~~~~~~~~~~~~~~~~~~~~~~~~~~~~~~~~~~~~~~~~~~
[INFO] [stdout] 
[INFO] [stdout] 
[INFO] [stdout] error[E0277]: `<S as crypto::radicle_keystore::sign::Signer>::Error` cannot be sent between threads safely
[INFO] [stdout]    --> /opt/rustwide/cargo-home/git/checkouts/radicle-link-009c17032bc5eda9/01ad3f4/link-identities/src/git.rs:625:12
[INFO] [stdout]     |
[INFO] [stdout] 625 |         S: Signer,
[INFO] [stdout]     |            ^^^^^^ `<S as crypto::radicle_keystore::sign::Signer>::Error` cannot be sent between threads safely
[INFO] [stdout]     |
[INFO] [stdout]     = help: the trait `Send` is not implemented for `<S as crypto::radicle_keystore::sign::Signer>::Error`
[INFO] [stdout] note: required by a bound in `crypto::Signer`
[INFO] [stdout]    --> /opt/rustwide/cargo-home/git/checkouts/radicle-link-009c17032bc5eda9/01ad3f4/link-crypto/src/signer.rs:18:45
[INFO] [stdout]     |
[INFO] [stdout] 17  | pub trait Signer:
[INFO] [stdout]     |           ------ required by a bound in this trait
[INFO] [stdout] 18  |     sign::Signer<Error: std::error::Error + Send + Sync + 'static>
[INFO] [stdout]     |                                             ^^^^ required by this bound in `Signer`
[INFO] [stdout] help: consider further restricting the associated type
[INFO] [stdout]     |
[INFO] [stdout] 625 |         S: Signer, <S as crypto::radicle_keystore::sign::Signer>::Error: Send
[INFO] [stdout]     |                  ~~~~~~~~~~~~~~~~~~~~~~~~~~~~~~~~~~~~~~~~~~~~~~~~~~~~~~~~~~~~
[INFO] [stdout] 
[INFO] [stdout] 
[INFO] [stdout] error[E0277]: `<S as crypto::radicle_keystore::sign::Signer>::Error` cannot be shared between threads safely
[INFO] [stdout]    --> /opt/rustwide/cargo-home/git/checkouts/radicle-link-009c17032bc5eda9/01ad3f4/link-identities/src/git.rs:625:12
[INFO] [stdout]     |
[INFO] [stdout] 625 |         S: Signer,
[INFO] [stdout]     |            ^^^^^^ `<S as crypto::radicle_keystore::sign::Signer>::Error` cannot be shared between threads safely
[INFO] [stdout]     |
[INFO] [stdout]     = help: the trait `Sync` is not implemented for `<S as crypto::radicle_keystore::sign::Signer>::Error`
[INFO] [stdout] note: required by a bound in `crypto::Signer`
[INFO] [stdout]    --> /opt/rustwide/cargo-home/git/checkouts/radicle-link-009c17032bc5eda9/01ad3f4/link-crypto/src/signer.rs:18:52
[INFO] [stdout]     |
[INFO] [stdout] 17  | pub trait Signer:
[INFO] [stdout]     |           ------ required by a bound in this trait
[INFO] [stdout] 18  |     sign::Signer<Error: std::error::Error + Send + Sync + 'static>
[INFO] [stdout]     |                                                    ^^^^ required by this bound in `Signer`
[INFO] [stdout] help: consider further restricting the associated type
[INFO] [stdout]     |
[INFO] [stdout] 625 |         S: Signer, <S as crypto::radicle_keystore::sign::Signer>::Error: Sync
[INFO] [stdout]     |                  ~~~~~~~~~~~~~~~~~~~~~~~~~~~~~~~~~~~~~~~~~~~~~~~~~~~~~~~~~~~~
[INFO] [stdout] 
[INFO] [stdout] 
[INFO] [stdout] error[E0277]: the trait bound `<S as crypto::radicle_keystore::sign::Signer>::Error: StdError` is not satisfied
[INFO] [stdout]    --> /opt/rustwide/cargo-home/git/checkouts/radicle-link-009c17032bc5eda9/01ad3f4/link-identities/src/git.rs:690:12
[INFO] [stdout]     |
[INFO] [stdout] 690 |         S: Signer,
[INFO] [stdout]     |            ^^^^^^ the trait `StdError` is not implemented for `<S as crypto::radicle_keystore::sign::Signer>::Error`
[INFO] [stdout]     |
[INFO] [stdout] note: required by a bound in `crypto::Signer`
[INFO] [stdout]    --> /opt/rustwide/cargo-home/git/checkouts/radicle-link-009c17032bc5eda9/01ad3f4/link-crypto/src/signer.rs:18:25
[INFO] [stdout]     |
[INFO] [stdout] 17  | pub trait Signer:
[INFO] [stdout]     |           ------ required by a bound in this trait
[INFO] [stdout] 18  |     sign::Signer<Error: std::error::Error + Send + Sync + 'static>
[INFO] [stdout]     |                         ^^^^^^^^^^^^^^^^^ required by this bound in `Signer`
[INFO] [stdout] help: consider further restricting the associated type
[INFO] [stdout]     |
[INFO] [stdout] 690 |         S: Signer, <S as crypto::radicle_keystore::sign::Signer>::Error: StdError
[INFO] [stdout]     |                  ~~~~~~~~~~~~~~~~~~~~~~~~~~~~~~~~~~~~~~~~~~~~~~~~~~~~~~~~~~~~~~~~
[INFO] [stdout] 
[INFO] [stdout] 
[INFO] [stdout] error[E0277]: `<S as crypto::radicle_keystore::sign::Signer>::Error` cannot be sent between threads safely
[INFO] [stdout]    --> /opt/rustwide/cargo-home/git/checkouts/radicle-link-009c17032bc5eda9/01ad3f4/link-identities/src/git.rs:690:12
[INFO] [stdout]     |
[INFO] [stdout] 690 |         S: Signer,
[INFO] [stdout]     |            ^^^^^^ `<S as crypto::radicle_keystore::sign::Signer>::Error` cannot be sent between threads safely
[INFO] [stdout]     |
[INFO] [stdout]     = help: the trait `Send` is not implemented for `<S as crypto::radicle_keystore::sign::Signer>::Error`
[INFO] [stdout] note: required by a bound in `crypto::Signer`
[INFO] [stdout]    --> /opt/rustwide/cargo-home/git/checkouts/radicle-link-009c17032bc5eda9/01ad3f4/link-crypto/src/signer.rs:18:45
[INFO] [stdout]     |
[INFO] [stdout] 17  | pub trait Signer:
[INFO] [stdout]     |           ------ required by a bound in this trait
[INFO] [stdout] 18  |     sign::Signer<Error: std::error::Error + Send + Sync + 'static>
[INFO] [stdout]     |                                             ^^^^ required by this bound in `Signer`
[INFO] [stdout] help: consider further restricting the associated type
[INFO] [stdout]     |
[INFO] [stdout] 690 |         S: Signer, <S as crypto::radicle_keystore::sign::Signer>::Error: Send
[INFO] [stdout]     |                  ~~~~~~~~~~~~~~~~~~~~~~~~~~~~~~~~~~~~~~~~~~~~~~~~~~~~~~~~~~~~
[INFO] [stdout] 
[INFO] [stdout] 
[INFO] [stdout] error[E0277]: `<S as crypto::radicle_keystore::sign::Signer>::Error` cannot be shared between threads safely
[INFO] [stdout]    --> /opt/rustwide/cargo-home/git/checkouts/radicle-link-009c17032bc5eda9/01ad3f4/link-identities/src/git.rs:690:12
[INFO] [stdout]     |
[INFO] [stdout] 690 |         S: Signer,
[INFO] [stdout]     |            ^^^^^^ `<S as crypto::radicle_keystore::sign::Signer>::Error` cannot be shared between threads safely
[INFO] [stdout]     |
[INFO] [stdout]     = help: the trait `Sync` is not implemented for `<S as crypto::radicle_keystore::sign::Signer>::Error`
[INFO] [stdout] note: required by a bound in `crypto::Signer`
[INFO] [stdout]    --> /opt/rustwide/cargo-home/git/checkouts/radicle-link-009c17032bc5eda9/01ad3f4/link-crypto/src/signer.rs:18:52
[INFO] [stdout]     |
[INFO] [stdout] 17  | pub trait Signer:
[INFO] [stdout]     |           ------ required by a bound in this trait
[INFO] [stdout] 18  |     sign::Signer<Error: std::error::Error + Send + Sync + 'static>
[INFO] [stdout]     |                                                    ^^^^ required by this bound in `Signer`
[INFO] [stdout] help: consider further restricting the associated type
[INFO] [stdout]     |
[INFO] [stdout] 690 |         S: Signer, <S as crypto::radicle_keystore::sign::Signer>::Error: Sync
[INFO] [stdout]     |                  ~~~~~~~~~~~~~~~~~~~~~~~~~~~~~~~~~~~~~~~~~~~~~~~~~~~~~~~~~~~~
[INFO] [stdout] 
[INFO] [stdout] 
[INFO] [stdout] error: aborting due to 21 previous errors
[INFO] [stdout] 
[INFO] [stdout] 
[INFO] [stdout] For more information about this error, try `rustc --explain E0277`.
[INFO] [stdout] 
[INFO] [stderr] error: could not compile `link-identities` (lib) due to 22 previous errors
[INFO] running `Command { std: "docker" "inspect" "5bc87e431523e2872f83d7863c4fe835027e45eafb75b746f8a2db470af8bd43", kill_on_drop: false }`
[INFO] running `Command { std: "docker" "rm" "-f" "5bc87e431523e2872f83d7863c4fe835027e45eafb75b746f8a2db470af8bd43", kill_on_drop: false }`
[INFO] [stdout] 5bc87e431523e2872f83d7863c4fe835027e45eafb75b746f8a2db470af8bd43
